2 - 21*u + 18. Let l be k(-19). What is the units digit of (l/(-16))/(1 + (-777)/774)?
3
Suppose 3*q + 78 - 54 = 0. What is the hundreds digit of (q*(-786)/(-12))/(2/(-1))?
2
Let n = -16625 + 28768. What is the ten thousands digit of n?
1
Suppose -7*f - 9920 = -74714 - 4464. What is the units digit of f?
4
Suppose -214 = -28*a + 26*a. Suppose -4*d - a = -959. What is the tens digit of d?
1
Let h = -35236 + 37742. What is the units digit of h?
6
Let h(q) = -809*q + 10249. What is the thousands digit of h(-63)?
1
What is the units digit of 5/(150/585)*76?
2
Let c = 721 - -203. Let f = 643 - c. Let g = f - -408. What is the hundreds digit of g?
1
Suppose 10*g = -b + 6*g + 678, 2*g = -2*b + 1356. Let h = b - 337. What is the tens digit of h?
4
Suppose -72*k + 70*k = -4. Suppose k*w = 6, -9*w - 2835 = -5*i - 14*w. Suppose 4*c = 2*c + i. What is the units digit of c?
2
Let y(x) = x + 3434. What is the thousands digit of y(45)?
3
Suppose -9*w + 385 = -2*w. Let n = -60 + w. What is the units digit of n/(6/(-198)*6/2)?
5
Let m = 408 - 371. Suppose 3*j = s - 243 - m, s - 5*j - 282 = 0. What is the hundreds digit of s?
2
What is the hundreds digit of (1200 + -1263)*6/4*-112?
5
Suppose 5*c - t = -4*t - 42, -4*c + 5*t - 4 = 0. Let k be 0 + (-5 - -2 - -7). What is the hundreds digit of (208/c)/(k/(-12))?
1
Let h be (-2)/1 + 363 + (-1 - -3). Suppose -29 = -7*m + h. What is the units digit of m?
6
Let z(o) be the second derivative of -o**5/20 + 2*o**4 - 11*o**3/6 + 5*o**2/2 - 47*o. What is the units digit of z(23)?
1
Suppose h - 19 + 28 = 0. Let s(x) = -36*x - 96. What is the hundreds digit of s(h)?
2
Suppose -2*d - 15 = -5*n, -5*n + 6*d = 2*d - 5. Suppose o = -3*b + 205, -b = -n*o - 15 - 64. What is the tens digit of b?
6
What is the thousands digit of (2/(-4))/((-926)/17481028)?
9
Let i(b) = 22*b**2 - 13*b + 3. Let v be 3 + (-4)/(-18) + 29/(-9). Suppose 5*y + 4*y - 18 = v. What is the tens digit of i(y)?
6
Suppose 2*f + 4*m = 762, -12*m - 1900 = -5*f - 17*m. Suppose 4*p - 1321 = f. What is the hundreds digit of p?
4
Let v be (3/3 + 154)*1 - 1. Suppose -158*r = -v*r - 1920. What is the tens digit of r?
8
Suppose 4*p - 4214 + 1078 = 0. Suppose 10*l - p = 9*l - 3*w, -w = 4. What is the tens digit of l?
9
Let p = -6549 + 37527. What is the units digit of p?
8
Let b = -105 - -554. Let o = -192 + b. What is the hundreds digit of o?
2
Let y = -10368 - -19690. What is the thousands digit of y?
9
Let b(z) = -28*z - 15*z + z + 6*z + 43. What is the units digit of b(-4)?
7
Let h(c) = c**3 + 6*c**2 - 283*c + 21. What is the hundreds digit of h(22)?
3
Let k be (2594 + -4)/5 - -2. Let r be (-3)/(9/(-3)) + k/8. Let w = r + -46. What is the units digit of w?
0
What is the tens digit of (6626/2 - 2) + 6 + -13?
0
Suppose 978*r = 991*r - 149812. What is the ten thousands digit of r?
1
Suppose 0 = -x - 46 + 55. Suppose -5*y - 2*l = l + x, -4*y + 2*l = -6. Suppose 0*z + 2*z - 284 = y. What is the units digit of z?
2
Suppose z - 2*z + 487 = 0. Suppose 11*j - 6*j = 7*p - 41, 0 = -4*p + 4*j + 28. Suppose -4*d - 6*g + z = -3*g, p = 3*g. What is the hundreds digit of d?
1
Let w(o) = -o**3 - 4*o**2 - 4*o + 13. Suppose -y + 4*c = c + 8, 4*y + 5*c = 53. Suppose -3*l + y*l = -24. What is the hundreds digit of w(l)?
1
Suppose 13*u - 1387911 = -26*u + 10*u. What is the tens digit of u?
5
Suppose 193*p = 198*p + 3*h - 214837, 0 = p + 3*h - 42953. What is the ten thousands digit of p?
4
Let v be (30/12 + -4)*-314. Let x = v + -140. What is the tens digit of x?
3
Let b(c) = 1595*c - 7394. What is the tens digit of b(25)?
8
Let z(v) = 2 + 3 + 27 + v + 17*v. What is the tens digit of z(9)?
9
What is the thousands digit of (-9 - 91)*1490/(-50)?
2
Suppose 26*l = 30*l - 3764. Suppose b - f - 908 - 257 = 0, 4*b + 5*f = 4705. Suppose 0 = 5*i - 5*w - b, 8*i + w = 4*i + l. What is the tens digit of i?
3
Let y(n) = -27*n - 32*n + 54*n + 10. Suppose -3*q - 44 + 5 = 0. What is the units digit of y(q)?
5
Suppose -8*a = 55 + 209. What is the hundreds digit of (-11)/a*5409/3?
6
Suppose 0 = -z - 1, 15166 = 60*b - 57*b - z. What is the thousands digit of b?
5
What is the thousands digit of 48/(-10)*835545/(-318)?
2
Let h be 15/12 + (-39)/(-52) + 840. Suppose -14*k - h = -4664. What is the tens digit of k?
7
Suppose -7688 = 44*g - 52*g. Let n = 1633 - g. What is the hundreds digit of n?
6
What is the hundreds digit of (-333)/(-3)*(-13502)/(-258)?
8
Let z = 11567 + -2748. What is the tens digit of z?
1
Let i be 22/(-6) - (-4)/6. Let o(m) = 118*m + 803. Let u be o(-7). What is the tens digit of (u + 3 + i)/(-1)?
2
Suppose -91*d - 13244 = -119*d. What is the units digit of d?
3
Let x(p) = 37*p + 30. Let n be x(14). Let c = -246 + n. What is the hundreds digit of c?
3
Suppose 45712 = 2*a - 2*c, -5*c - 355 + 380 = 0. What is the tens digit of a?
6
Suppose i + 121 = 6*i + 3*u, 3*i - u = 67. Suppose 0 = v - 45 - i. Suppose 3*x - v - 37 = 0. What is the units digit of x?
5
Let b = 14636 + -1972. What is the hundreds digit of b?
6
Suppose 1387582 = 204*j - 106*j. What is the tens digit of j?
5
Suppose -33437 = -5*z + 3*l, 132*z + 6683 = 133*z - 5*l. What is the units digit of z?
8
What is the tens digit of 1434516/72 + 6 + 175/(-30)?
2
Suppose -52552 = -19*q + 32245. What is the thousands digit of q?
4
Let c(q) = 461*q + 3815. What is the units digit of c(18)?
3
Suppose 9*z + 10*z + 214289 - 1015215 = 0. What is the hundreds digit of z?
1
Let l = 247 + -212. What is the units digit of -906*(l/21)/(-5)?
2
Suppose -3416*y + 429120 = -3398*y. What is the ten thousands digit of y?
2
Suppose 227429 = 132*n - 128*n - v, -2*v - 2 = 0. What is the tens digit of n?
5
Let w(n) = -n**3 + 18*n**2 - 18*n + 15. Let m be w(17). Let j be ((-2)/m)/((-23)/(-69)). Suppose -2*s + j*s = p + 32, -5*p = 5. What is the units digit of s?
1
Let t(f) = 55*f + 12. Suppose -3*m - u = 4, -3*m + 2*m + 2 = -3*u. Let d be 2*m*(-5)/5. What is the tens digit of t(d)?
2
Suppose 23*c - 3*c + 21460 = 0. Let t = c + 1631. What is the units digit of t?
8
Suppose b + n - 8 = 0, 0*b = 5*b - 4*n - 49. Let a = b + -69. What is the units digit of ((-3)/2)/(a/16 - -3)?
2
Let m be 1692/27 - 3/(-9). Suppose m*f = 86*f - 1265. What is the units digit of f?
5
Suppose 177*a - 113*a - 516878 = 1733554. What is the ten thousands digit of a?
3
Let z(c) = -17*c**3 + 3*c**2 - 2*c. Let t be z(3). Let l = 667 + t. What is the tens digit of l?
2
Let d be (408/144)/((-3)/18). Let t(c) = 53*c + 1. Let w be t(1). Let h = d + w. What is the tens digit of h?
3
Suppose -5*f - 6*j + j = -80, f + 3*j - 26 = 0. What is the hundreds digit of f/(-22) + (-789)/(-2)?
3
Let a = 4 + -9. Let r be 71 - a/((-10)/(-6)). Suppose 8*w - 566 = r. What is the tens digit of w?
8
Suppose -5*b = -o + 319, o - b = 6*o - 1647. Suppose 5*c = -572 - 318. Let s = c + o. What is the hundreds digit of s?
1
What is the hundreds digit of (-138)/(7 - (-63054)/(-9000))?
0
What is the units digit of 2652/(-390) + 12/(-10) + 4353?
5
Let y be (3/15 - 0) + (-22)/10. Let x be (270/(-105))/((-2)/(-28)*y). What is the tens digit of (88 - -1) + x/(0 + 6)?
9
Suppose 3*n - 18*b + 23*b - 19205 = 0, 2*n = 2*b + 12814. What is the thousands digit of n?
6
Let f(u) = 51*u + 13. Let i be f(9). Suppose -i - 944 = -4*w. What is the tens digit of w?
5
Suppose -1040*d - 8466 = -1057*d. What is the tens digit of d?
9
Let u = 189 + -462. Let j = 70 - u. What is the tens digit of j?
4
Suppose 0*l - 6*l = 42. Let o = l + 115. What is the tens digit of o?
0
Let c(j) = 7*j**2 - 6*j + 3. Let b be c(-7). What is the tens digit of b/4 + (-20)/10?
9
Let y(c) = -c - 77. Let r be y(-23). Let i = -52 - r. Suppose 0 = 3*a - 2*l - 8, 5*a - 5*l - 14 = -i*l. What is the units digit of a?
4
Let p(z) = 2*z**2 + 11*z + 9. Let d = -40 - -31. Let f be p(d). What is the units digit of f + 9 - (0 - 2)?
3
Let t(n) = n + 6. Let r be t(0). Suppose z = -5*x + 12, 2*z - 5*x = -0*x - r. Suppose 2*i - 246 = -5*s, 0*i = -z*i + 2*s + 218. What is the units digit of i?
3
Suppose h - 69763 = 10*s - 9059, 24 = 4*s. What is the hundreds digit of h?
7
Suppose -530 = -10*v + 1120. Suppose -3*k + 262 = 4*d - v, -d = 2. What is the hundreds digit of k?
1
Let k be 28/(-5*5/950). Let g = k - -1563. What is the units digit of g?
9
Let q(j) = -2*j**3 - 28*j**2 + 4*j - 11.